{"id":27,"date":"2011-05-03T12:27:32","date_gmt":"2011-05-03T12:27:32","guid":{"rendered":"http:\/\/roadseguridad.com.ar\/wp_files\/?page_id=27"},"modified":"2011-05-03T20:52:52","modified_gmt":"2011-05-03T20:52:52","slug":"personal-equipos-armamentos","status":"publish","type":"page","link":"https:\/\/roadseguridad.com.ar\/wp_files\/servicios\/personal-equipos-armamentos","title":{"rendered":"Personal, Equipos, Armamentos"},"content":{"rendered":"<p>Nuestra Empresa asume total responsabilidad respecto de su  personal cumpliendo todos los requisitos que disponen las Leyes  Laborales, as\u00ed como la Contrataci\u00f3n de Seguros de Vida y Accidentes de  Trabajo. El mismo, destinado a un objetivo, cuando as\u00ed lo determina el  Convenio suscrito y siempre en acuerdo con las reglamentaciones  vigentes, podr\u00e1 ser equipado con:<\/p>\n<ul>\n<li>Uniforme, de diversos tipos y modelos.<\/li>\n<li> Arma de pu\u00f1o.<\/li>\n<li> Sistemas de  defensa paralizantes.<\/li>\n<li> Equipos de comunicaci\u00f3n.<\/li>\n<li> Esposas<\/li>\n<li>Arma Larga<\/li>\n<li>Bast\u00f3n de seguridad<\/li>\n<li>Linternas<\/li>\n<li>Etc..<\/li>\n<\/ul>\n<p>Adem\u00e1s se poseen automotores, de distintas marcas y modelos, destinados a  la supervisi\u00f3n de los objetivos y\/o de apoyo o seguimiento, de acuerdo  con la solicitud que se formule o necesidad que lo justifique.<\/p>\n","protected":false},"excerpt":{"rendered":"<p>Nuestra Empresa asume total responsabilidad respecto de su personal cumpliendo todos los requisitos que disponen las Leyes Laborales, as\u00ed como la Contrataci\u00f3n de Seguros de Vida y Accidentes de Trabajo. El mismo, destinado a un objetivo, cuando as\u00ed lo determina el Convenio suscrito y siempre en acuerdo con las reglamentaciones vigentes, podr\u00e1 ser equipado con: [&hellip;]<\/p>\n","protected":false},"author":1,"featured_media":0,"parent":13,"menu_order":0,"comment_status":"open","ping_status":"open","template":"","meta":[],"yoast_head":"<!-- This site is optimized with the Yoast SEO plugin v18.0 - https:\/\/yoast.com\/wordpress\/plugins\/seo\/ -->\n<meta name=\"robots\" content=\"index, follow, max-snippet:-1, max-image-preview:large, max-video-preview:-1\" \/>\n<link rel=\"canonical\" href=\"https:\/\/roadseguridad.com.ar\/wp_files\/servicios\/personal-equipos-armamentos\" \/>\n<meta property=\"og:locale\" content=\"es_ES\" \/>\n<meta property=\"og:type\" content=\"article\" \/>\n<meta property=\"og:title\" content=\"Personal, Equipos, Armamentos - Road Seguridad\" \/>\n<meta property=\"og:description\" content=\"Nuestra Empresa asume total responsabilidad respecto de su personal cumpliendo todos los requisitos que disponen las Leyes Laborales, as\u00ed como la Contrataci\u00f3n de Seguros de Vida y Accidentes de Trabajo. El mismo, destinado a un objetivo, cuando as\u00ed lo determina el Convenio suscrito y siempre en acuerdo con las reglamentaciones vigentes, podr\u00e1 ser equipado con: [&hellip;]\" \/>\n<meta property=\"og:url\" content=\"https:\/\/roadseguridad.com.ar\/wp_files\/servicios\/personal-equipos-armamentos\" \/>\n<meta property=\"og:site_name\" content=\"Road Seguridad\" \/>\n<meta property=\"article:modified_time\" content=\"2011-05-03T20:52:52+00:00\" \/>\n<meta name=\"twitter:label1\" content=\"Tiempo de lectura\" \/>\n\t<meta name=\"twitter:data1\" content=\"1 minuto\" \/>\n<script type=\"application\/ld+json\" class=\"yoast-schema-graph\">{\"@context\":\"https:\/\/schema.org\",\"@graph\":[{\"@type\":\"WebSite\",\"@id\":\"https:\/\/roadseguridad.com.ar\/wp_files\/#website\",\"url\":\"https:\/\/roadseguridad.com.ar\/wp_files\/\",\"name\":\"Road Seguridad\",\"description\":\"Toda nuestra experiencia al servicio de su tranquildad\",\"potentialAction\":[{\"@type\":\"SearchAction\",\"target\":{\"@type\":\"EntryPoint\",\"urlTemplate\":\"https:\/\/roadseguridad.com.ar\/wp_files\/?s={search_term_string}\"},\"query-input\":\"required name=search_term_string\"}],\"inLanguage\":\"es-AR\"},{\"@type\":\"WebPage\",\"@id\":\"https:\/\/roadseguridad.com.ar\/wp_files\/servicios\/personal-equipos-armamentos#webpage\",\"url\":\"https:\/\/roadseguridad.com.ar\/wp_files\/servicios\/personal-equipos-armamentos\",\"name\":\"Personal, Equipos, Armamentos - Road Seguridad\",\"isPartOf\":{\"@id\":\"https:\/\/roadseguridad.com.ar\/wp_files\/#website\"},\"datePublished\":\"2011-05-03T12:27:32+00:00\",\"dateModified\":\"2011-05-03T20:52:52+00:00\",\"breadcrumb\":{\"@id\":\"https:\/\/roadseguridad.com.ar\/wp_files\/servicios\/personal-equipos-armamentos#breadcrumb\"},\"inLanguage\":\"es-AR\",\"potentialAction\":[{\"@type\":\"ReadAction\",\"target\":[\"https:\/\/roadseguridad.com.ar\/wp_files\/servicios\/personal-equipos-armamentos\"]}]},{\"@type\":\"BreadcrumbList\",\"@id\":\"https:\/\/roadseguridad.com.ar\/wp_files\/servicios\/personal-equipos-armamentos#breadcrumb\",\"itemListElement\":[{\"@type\":\"ListItem\",\"position\":1,\"name\":\"Servicios\",\"item\":\"https:\/\/roadseguridad.com.ar\/wp_files\/servicios\"},{\"@type\":\"ListItem\",\"position\":2,\"name\":\"Personal, Equipos, Armamentos\"}]}]}<\/script>\n<!-- \/ Yoast SEO plugin. -->","yoast_head_json":{"robots":{"index":"index","follow":"follow","max-snippet":"max-snippet:-1","max-image-preview":"max-image-preview:large","max-video-preview":"max-video-preview:-1"},"canonical":"https:\/\/roadseguridad.com.ar\/wp_files\/servicios\/personal-equipos-armamentos","og_locale":"es_ES","og_type":"article","og_title":"Personal, Equipos, Armamentos - Road Seguridad","og_description":"Nuestra Empresa asume total responsabilidad respecto de su personal cumpliendo todos los requisitos que disponen las Leyes Laborales, as\u00ed como la Contrataci\u00f3n de Seguros de Vida y Accidentes de Trabajo. El mismo, destinado a un objetivo, cuando as\u00ed lo determina el Convenio suscrito y siempre en acuerdo con las reglamentaciones vigentes, podr\u00e1 ser equipado con: [&hellip;]","og_url":"https:\/\/roadseguridad.com.ar\/wp_files\/servicios\/personal-equipos-armamentos","og_site_name":"Road Seguridad","article_modified_time":"2011-05-03T20:52:52+00:00","twitter_misc":{"Tiempo de lectura":"1 minuto"},"schema":{"@context":"https:\/\/schema.org","@graph":[{"@type":"WebSite","@id":"https:\/\/roadseguridad.com.ar\/wp_files\/#website","url":"https:\/\/roadseguridad.com.ar\/wp_files\/","name":"Road Seguridad","description":"Toda nuestra experiencia al servicio de su tranquildad","potentialAction":[{"@type":"SearchAction","target":{"@type":"EntryPoint","urlTemplate":"https:\/\/roadseguridad.com.ar\/wp_files\/?s={search_term_string}"},"query-input":"required name=search_term_string"}],"inLanguage":"es-AR"},{"@type":"WebPage","@id":"https:\/\/roadseguridad.com.ar\/wp_files\/servicios\/personal-equipos-armamentos#webpage","url":"https:\/\/roadseguridad.com.ar\/wp_files\/servicios\/personal-equipos-armamentos","name":"Personal, Equipos, Armamentos - Road Seguridad","isPartOf":{"@id":"https:\/\/roadseguridad.com.ar\/wp_files\/#website"},"datePublished":"2011-05-03T12:27:32+00:00","dateModified":"2011-05-03T20:52:52+00:00","breadcrumb":{"@id":"https:\/\/roadseguridad.com.ar\/wp_files\/servicios\/personal-equipos-armamentos#breadcrumb"},"inLanguage":"es-AR","potentialAction":[{"@type":"ReadAction","target":["https:\/\/roadseguridad.com.ar\/wp_files\/servicios\/personal-equipos-armamentos"]}]},{"@type":"BreadcrumbList","@id":"https:\/\/roadseguridad.com.ar\/wp_files\/servicios\/personal-equipos-armamentos#breadcrumb","itemListElement":[{"@type":"ListItem","position":1,"name":"Servicios","item":"https:\/\/roadseguridad.com.ar\/wp_files\/servicios"},{"@type":"ListItem","position":2,"name":"Personal, Equipos, Armamentos"}]}]}},"_links":{"self":[{"href":"https:\/\/roadseguridad.com.ar\/wp_files\/wp-json\/wp\/v2\/pages\/27"}],"collection":[{"href":"https:\/\/roadseguridad.com.ar\/wp_files\/wp-json\/wp\/v2\/pages"}],"about":[{"href":"https:\/\/roadseguridad.com.ar\/wp_files\/wp-json\/wp\/v2\/types\/page"}],"author":[{"embeddable":true,"href":"https:\/\/roadseguridad.com.ar\/wp_files\/wp-json\/wp\/v2\/users\/1"}],"replies":[{"embeddable":true,"href":"https:\/\/roadseguridad.com.ar\/wp_files\/wp-json\/wp\/v2\/comments?post=27"}],"version-history":[{"count":3,"href":"https:\/\/roadseguridad.com.ar\/wp_files\/wp-json\/wp\/v2\/pages\/27\/revisions"}],"predecessor-version":[{"id":29,"href":"https:\/\/roadseguridad.com.ar\/wp_files\/wp-json\/wp\/v2\/pages\/27\/revisions\/29"}],"up":[{"embeddable":true,"href":"https:\/\/roadseguridad.com.ar\/wp_files\/wp-json\/wp\/v2\/pages\/13"}],"wp:attachment":[{"href":"https:\/\/roadseguridad.com.ar\/wp_files\/wp-json\/wp\/v2\/media?parent=27"}],"curies":[{"name":"wp","href":"https:\/\/api.w.org\/{rel}","templated":true}]}}